-l*z + 4*n, 0 = n - 2. What is the units digit of z?
3
Suppose 5*u + 112 = -2*q, u = 2*u - 3*q + 19. Let v = 50 + u. What is the units digit of v?
8
Let s(b) = -b**3 + 6*b**2 + 8*b - 4. What is the units digit of s(7)?
3
Let y(j) = -18*j**3 + 2*j**2 - j. Let k be y(1). Let g = -9 - k. What is the units digit of g?
8
Let k be (2 - -1)/(-3)*-5. Suppose n = -3*n - y + 43, 4*n + k*y - 23 = 0. What is the tens digit of n?
1
What is the units digit of (-5)/(15/(-18)) - -1?
7
Suppose -a = -2*n + 501, 3*n + a + 107 - 856 = 0. What is the hundreds digit of n?
2
Let v(j) = 6*j**2 + 7*j + 6. Let f be v(-5). Suppose 1 - f = -4*b. What is the units digit of b?
0
Suppose -2*x + 6 = 0, 197 = -d + 6*d - x. Suppose 3*k - d = 2. What is the units digit of k?
4
Let y be 0/(-2) + 9 + -1. Let t = -5 + y. Let l(f) = 3*f - 3. What is the units digit of l(t)?
6
Suppose b - 3 - 22 = 3*x, -3*b - 5*x + 61 = 0. What is the units digit of 4/b - (-40)/22?
2
What is the tens digit of (2 - 284/8)/((-3)/6)?
6
Let b(w) = w**2 - 9*w - 14. What is the units digit of b(11)?
8
Let s be 2 - 22 - (-2 - -2). Let i = s - -36. What is the tens digit of i?
1
Let n = 8 - 0. Let h(y) = -y**2 + 1 - 4 + 7 + n*y + 3. What is the units digit of h(8)?
7
What is the units digit of 8/(-60)*-3*(169 + 1)?
8
Let d(i) = -3*i**2 + 4*i**2 + 6*i + 1 + 1. Let x be d(-5). What is the units digit of 5 + x + 1/1?
3
Suppose 8*c = 160 + 120. What is the tens digit of c?
3
Let p(o) = 2*o**2 - 3*o - 5. Let h(r) = r + 9. Let w be h(-5). Let z be p(w). Let l = 28 - z. What is the tens digit of l?
1
Suppose 0 = 4*k + 3*f - 143, -3*k - f + 109 = 3*f. Suppose -3*o + 1 = 10, k = b - 2*o. What is the units digit of b?
9
Let n = 3 - 3. Let h be 3/((18/(-8))/3). What is the units digit of n - (h - -3)*5?
5
Suppose -4*f - 372 = -3*d, 9*d + f = 10*d - 124. What is the units digit of d?
4
Let y(g) = 4*g + 0 - 4 + 5 + 2*g**2. Let m = -9 + 6. What is the units digit of y(m)?
7
Let k be (-4)/(-2) + -2 - -1. What is the units digit of (1 - 0)/k - -1?
2
Suppose 0 = 5*f - 5*z - 95, 4*f - 3*z - 100 = -26. What is the units digit of f?
7
Let r be 0*(0 - 1/1). Suppose 4*u + 3*k - 3 = r, -5*u + k - 20 = -0*k. What is the units digit of (-44)/(-6) - u/(-9)?
7
Suppose -79 = -w - 2*m + 76, -5*w + 811 = -2*m. What is the units digit of w?
1
Let z(o) = -7 - 6*o**2 + 26 - o**3 - 9*o**2. What is the tens digit of z(-15)?
1
Suppose 3*z = -3*a + 15, -3*z - 6 = -3*a + 9. Suppose z = b - 3. What is the units digit of -1 - b/(-3) - -2?
2
Let l(d) = -d**3 - 4*d**2 + 3*d - 4. Suppose 3*a = 8 - 2. Let w be a + -5 - (1 - -1). What is the units digit of l(w)?
6
Suppose -2*s + 3*u - 2*u + 59 = 0, 115 = 5*s + 4*u. What is the units digit of s?
7
Let a(s) = s**3 + 9*s**2 - 2*s + 3. Let b be a(-9). Let r = b - -17. Let d = -20 + r. What is the tens digit of d?
1
Suppose p - 3*p - 16 = 0. Let i(x) = -3*x**2 + 29*x + 27. Let m(z) = -z**2 + 10*z + 9. Let j(t) = p*m(t) + 3*i(t). What is the units digit of j(7)?
9
Let i(y) = -y**3 - 7*y**2 - 2*y - 10. Let v be i(-7). Suppose -2*b + 3 = -3*u + b, 0 = -v*u + b + 2. What is the units digit of u?
1
Suppose -5*t + 2*w + 386 - 142 = 0, -4*t + 5*w + 202 = 0. What is the tens digit of t?
4
Let i(f) = -8*f**3 + 2*f**2 + 2*f + 1. Suppose 1 = -4*w - 3. Let b be i(w). Let o = b + -6. What is the units digit of o?
3
Let h(g) = g**2 + 4*g + 11. Let f(n) = n**3 + n**2 + 4*n + 3. Let o be f(-2). What is the tens digit of h(o)?
5
Let b = -9 - -12. Suppose -2*m - 2*h - 4 = 0, -b*m + 6*h + 29 = 2*h. Suppose m*l + y - 24 = 0, -l - 30 = -6*l - 5*y. What is the units digit of l?
9
What is the units digit of (0 - 1 - (-140)/(-2))*-1?
1
Let f(o) = 11*o**2 - 1. Suppose 4*w = w + 3. What is the units digit of f(w)?
0
Let g be (-10)/(-1 - -2)*-1. What is the tens digit of 4/g - (-106)/10?
1
Suppose d + 5*o - 2*o = 36, 4*o = 2*d - 52. What is the tens digit of d?
3
Let m = -45 + 64. What is the tens digit of m?
1
Let t(g) = 2*g + 1. Let p be t(-1). Let r = p + -14. What is the units digit of (-1)/2*(r + 3)?
6
Let o = 89 - 4. What is the tens digit of o?
8
Suppose 16 = 3*x + 2*q, -3*q + 2 = -2*x + 2*q. Suppose 10 = h + x*h. Suppose 2*s - c = h*c + 46, 20 = -5*c. What is the tens digit of s?
1
Let c = 22 - -10. What is the tens digit of c?
3
Let n(g) = -g**2 - 12*g + 29. What is the units digit of n(-12)?
9
Suppose -5*p - 3*a + 125 = -8*a, -p = -3*a - 29. What is the tens digit of p?
2
Let w = 25 - 24. What is the units digit of w?
1
Let n be 1 - (1 + -2) - 20. Let r = n - -33. What is the units digit of (-4)/(-10) - r/(-25)?
1
Suppose 0 = 2*a + 3*n - 14 - 59, 3*a + 3*n = 105. What is the units digit of a?
2
Suppose 4*j + 2*i - 2 = 0, 2*i = 3 - 1. What is the tens digit of (-1 - j - -14) + -2?
1
Let d = -2 - -7. Suppose -25 = -5*o, -44 = -s - 0*o - d*o. What is the units digit of s?
9
Suppose -1 + 3 = 2*i. What is the tens digit of (18 - (1 - i)) + 1?
1
Let o(c) = -6*c**2 + 2*c - 1. Let p be o(1). Let q(n) be the second derivative of -n**5/20 - n**4/3 + 2*n**3/3 + n**2 + 2*n. What is the units digit of q(p)?
7
Suppose 0 = 4*s + l - 0*l - 17, 2*l - 14 = -3*s. Let w = 13 - s. Let m = -1 + w. What is the units digit of m?
8
Let q(p) = -9*p - 2. Let v be q(-3). Let b = v + -15. What is the units digit of b?
0
Suppose 0 = -3*g + 2*g + 7. Suppose -5*s + 4*l + 23 = 0, 2*s = -2*l + g + 13. What is the units digit of s?
7
Let y = 309 - 113. What is the hundreds digit of y?
1
Let p(c) = -4*c + 1. Suppose i - 3 + 4 = 0. Let o be p(i). Suppose 2*r + o*k = 4*r + 1, k = 5. What is the tens digit of r?
1
Suppose -14 = w - 5*j, -j + 12 = 2*w - 3*j. Let x = -3 + w. What is the units digit of x?
8
What is the units digit of 4 + (3 - (0 + 0))?
7
Let f = 477 - 197. What is the tens digit of f?
8
Suppose -2*c = -4*j - j + 16, -4*c = -2*j. Suppose c*t - 3 = -t. What is the units digit of t?
1
Suppose 2*h + 1 - 3 = 0. What is the tens digit of -35*(0/2 - h)?
3
Suppose u + 22 = 4*v, -2*v + 4*v = -5*u. Suppose -4 = 5*r - 7*r. Suppose -a - r = -v. What is the units digit of a?
3
Suppose p - 3*p = -6. Let f = 39 + -37. Suppose -3*b + 26 = 2*y, -p*y + y = f*b - 22. What is the units digit of y?
7
Suppose -a + 0 = -2, 3*a = 4*n - 330. What is the tens digit of n?
8
Suppose -q + 9 + 1 = y, 45 = 5*q + 4*y. What is the units digit of q?
5
Let g(b) = 2*b**2 - 9*b + 2. What is the units digit of g(6)?
0
Suppose 2*j - 3 - 19 = 0. Let n(m) = -m + 12. What is the units digit of n(j)?
1
What is the hundreds digit of (-3)/(-15) - (-1274)/5?
2
Suppose -3*h - 24 = -7*h. Let a = h - 2. Suppose 3*y = -5*g - 0*g + 9, 0 = a*g - 5*y - 22. What is the units digit of g?
3
Let v = 53 + 54. What is the units digit of v?
7
Let k = 57 - 45. What is the tens digit of k?
1
Let i = -1 + 6. Suppose 4*m = i*m. Suppose m = -a + 4*a - 48. What is the tens digit of a?
1
Let a = 4 + -11. Let z = -1 - a. What is the units digit of z?
6
Let n be (28/35)/(2/10). Suppose 17 = j + n. What is the units digit of j?
3
Suppose -28 = -4*y + 5*t, 3*y - 21 = -2*t + 6*t. Let v = 1 + y. Let g = v + 0. What is the units digit of g?
8
Suppose 3*b + 7 = 2*b. Let w(t) = -t**2 - 8*t - 8. Let n be w(b). What is the tens digit of 2/n + 0 + 12?
1
Suppose -8*x + 13*x - 10 = 0. What is the tens digit of ((-17)/x)/((-4)/8)?
1
Suppose -12*a + 141 = -9*a. What is the tens digit of a?
4
What is the units digit of -102*(-3 + (-16)/(-6))?
4
Suppose -5*n + 42 = -8. What is the tens digit of n?
1
What is the units digit of (2 - 0)*(4 + 15)?
8
Suppose 0 = 2*n - 115 - 111. What is the hundreds digit of n?
1
Suppose 1129 + 491 = 9*w. What is the units digit of w?
0
Let t be (0/(-1) + -1)*-11. Let z = t - 3. What is the units digit of z?
8
Let p be 4 + -4 - (0 + -3). Suppose 0 = -4*g, -4*g + 7 = r + p. Suppose -r*m + 4 = -4. What is the units digit of m?
2
Let q(v) = -3*v - 11 + 0 + 2. Let k = -3 + -3. What is the units digit of q(k)?
9
Let f(c) = -c**2 - 14. Let b be f(0). Let x be 2/(-4) - 58/(-4). What is the units digit of 32/x - (-4)/b?
2
Suppose -8*q = -7*q - 22. Let j = -3 + q. What is the tens digit of j?
1
Suppose -5*u = -2*u - 15. Suppose -2*p + 24 = q + q, u*p = 4*q - 48. What is the units digit of q?
2
Suppose -141 - 14 = 5*k. Let g(o) = 17*o - 4. Let w be g(3). Let t = w + k. What is the units digit of t?
6
Let m(